{"id":248,"date":"2019-04-03T13:59:48","date_gmt":"2019-04-03T11:59:48","guid":{"rendered":"http:\/\/plusdunevoix.fr\/?page_id=248"},"modified":"2025-06-30T13:39:32","modified_gmt":"2025-06-30T11:39:32","slug":"action-culturelle","status":"publish","type":"page","link":"https:\/\/plusdunevoix.fr\/index.php\/action-culturelle\/","title":{"rendered":"ATELIERS"},"content":{"rendered":"<p>[vc_row css_animation=\u00a0\u00bb\u00a0\u00bb row_type=\u00a0\u00bbrow\u00a0\u00bb use_row_as_full_screen_section=\u00a0\u00bbno\u00a0\u00bb type=\u00a0\u00bbfull_width\u00a0\u00bb angled_section=\u00a0\u00bbno\u00a0\u00bb text_align=\u00a0\u00bbleft\u00a0\u00bb background_image_as_pattern=\u00a0\u00bbwithout_pattern\u00a0\u00bb css=\u00a0\u00bb.vc_custom_1556201540428{padding-top: 195px !important;}\u00a0\u00bb z_index=\u00a0\u00bb\u00a0\u00bb][vc_column][vc_text_separator title=\u00a0\u00bbATELIERS D&rsquo;ECRITURE\u00a0\u00bb border=\u00a0\u00bbno\u00a0\u00bb title_color=\u00a0\u00bb#000000&Prime;][vc_column_text]<\/p>\n<p>\u00c9crire, c\u2019est faire exister une part de soi encore inconnue. Je propose dans cet atelier de faire \u00e9merger quelques-uns de ces \u00eatres int\u00e9rieurs, d\u2019accompagner leur naissance et leur expression. Le rythme est dynamique, vif, joyeux, mais demande la concentration propre \u00e0 tout geste artistique. Il n\u2019y a pas de pr\u00e9requis, simplement l\u2019envie !<\/p>\n<p>[\/vc_column_text][vc_empty_space height=\u00a0\u00bb40px\u00a0\u00bb][\/vc_column][\/vc_row][vc_row css_animation=\u00a0\u00bb\u00a0\u00bb row_type=\u00a0\u00bbrow\u00a0\u00bb use_row_as_full_screen_section=\u00a0\u00bbno\u00a0\u00bb type=\u00a0\u00bbfull_width\u00a0\u00bb angled_section=\u00a0\u00bbno\u00a0\u00bb text_align=\u00a0\u00bbleft\u00a0\u00bb background_image_as_pattern=\u00a0\u00bbwithout_pattern\u00a0\u00bb][vc_column width=\u00a0\u00bb1\/2&Prime;][vc_single_image image=\u00a0\u00bb2363&Prime; img_size=\u00a0\u00bbmedium\u00a0\u00bb alignment=\u00a0\u00bbcenter\u00a0\u00bb qode_css_animation=\u00a0\u00bb\u00a0\u00bb][\/vc_column][vc_column width=\u00a0\u00bb1\/2&Prime;][vc_single_image image=\u00a0\u00bb2362&Prime; img_size=\u00a0\u00bbmedium\u00a0\u00bb qode_css_animation=\u00a0\u00bb\u00a0\u00bb][\/vc_column][\/vc_row][vc_row css_animation=\u00a0\u00bb\u00a0\u00bb row_type=\u00a0\u00bbrow\u00a0\u00bb use_row_as_full_screen_section=\u00a0\u00bbno\u00a0\u00bb type=\u00a0\u00bbfull_width\u00a0\u00bb angled_section=\u00a0\u00bbno\u00a0\u00bb text_align=\u00a0\u00bbleft\u00a0\u00bb background_image_as_pattern=\u00a0\u00bbwithout_pattern\u00a0\u00bb][vc_column][vc_empty_space height=\u00a0\u00bb40px\u00a0\u00bb][vc_empty_space height=\u00a0\u00bb40px\u00a0\u00bb][vc_column_text]<\/p>\n<p>Article DNA sur les ateliers &#8211; <a href=\"https:\/\/www.dna.fr\/culture-loisirs\/2023\/03\/16\/un-atelier-d-ecriture-sans-frontieres-a-la-bibliotheque-des-dominicains\">infos<\/a><\/p>\n<p>[\/vc_column_text][vc_empty_space height=\u00a0\u00bb40px\u00a0\u00bb][vc_column_text]PROCHAINS ATELIER<\/p>\n<p>Mardi 23 et mardi 30 septembre 18h30-20h: Librairie l&rsquo;Ind\u00e9pendante, Strasbourg (67)<br \/>\nMardi 14 et mardi 21 octobre 18h30-20h: Librairie l&rsquo;Ind\u00e9pendante, Strasbourg (67)<\/p>\n<p>ATELIERS PRECEDENTS 2024-2025<br \/>\n<strong> Samedi 14 septembre<\/strong> 14h-17h: biblioth\u00e8que des dominicains &#8211; <a href=\"https:\/\/bibliotheque.colmar.fr\/\">infos<\/a><br \/>\nSamedi 12 octobre 14h-17h: Pole m\u00e9dia culture &#8211; Colmar &#8211; <a href=\"https:\/\/bibliotheque.colmar.fr\/\">infos<\/a><br \/>\n<strong>Samedi 19 octobre<\/strong> 10h-13h: M\u00e9diath\u00e8que le Parnasse &#8211; Saint Louis<br \/>\nMercredi 23 octobre 14h-17h: biblioth\u00e8que Bel\u2019Flore &#8211; Colmar &#8211; <a href=\"https:\/\/bibliotheque.colmar.fr\/\">infos<\/a><br \/>\nSamedi 9 novembre 14h-17h: biblioth\u00e8que des dominicains &#8211; Colmar &#8211; <a href=\"https:\/\/bibliotheque.colmar.fr\/\">infos<\/a><br \/>\nSamedi 7 d\u00e9cembre 14h-17h: Pole m\u00e9dia culture &#8211; Colmar &#8211; <a href=\"https:\/\/bibliotheque.colmar.fr\/\">infos<\/a><br \/>\nSamedi 11 janvier 14h-17h: biblioth\u00e8que des Dominicains &#8211; Colmar &#8211; <a href=\"https:\/\/bibliotheque.colmar.fr\/\">infos<\/a><\/p>\n<p><strong>Vendredi 7 mars de 17h \u00e0 20h<\/strong> &#8211; Espace culturel Terraqu\u00e9 (56)- <a href=\"https:\/\/www.terraque.fr\/\">infos<\/a><\/p>\n<p>[\/vc_column_text][vc_text_separator title=\u00a0\u00bbATELIERS THEATRE\u00a0\u00bb border=\u00a0\u00bbno\u00a0\u00bb title_color=\u00a0\u00bb#000000&Prime;][vc_column_text]<\/p>\n<p>La com\u00e9dienne H\u00e9l\u00e8ne Lacoste donne actuellement des cours de th\u00e9\u00e2tre enfants et adolescents \u00e0 l&rsquo;\u00e9cole de musique et th\u00e9\u00e2tre de Molsheim et au lyc\u00e9e Ste Clotilde de Strasbourg. Elle \u00e9galement donn\u00e9 des cours au SUAC (universit\u00e9 de Strasbourg)<\/p>\n<p>[\/vc_column_text][vc_single_image image=\u00a0\u00bb2371&Prime; img_size=\u00a0\u00bbmedium\u00a0\u00bb alignment=\u00a0\u00bbcenter\u00a0\u00bb qode_css_animation=\u00a0\u00bb\u00a0\u00bb][\/vc_column][\/vc_row]<\/p>\n","protected":false},"excerpt":{"rendered":"<p>[vc_row css_animation=\u00a0\u00bb\u00a0\u00bb row_type=\u00a0\u00bbrow\u00a0\u00bb use_row_as_full_screen_section=\u00a0\u00bbno\u00a0\u00bb type=\u00a0\u00bbfull_width\u00a0\u00bb angled_section=\u00a0\u00bbno\u00a0\u00bb text_align=\u00a0\u00bbleft\u00a0\u00bb background_image_as_pattern=\u00a0\u00bbwithout_pattern\u00a0\u00bb css=\u00a0\u00bb.vc_custom_1556201540428{padding-top: 195px !important;}\u00a0\u00bb z_index=\u00a0\u00bb\u00a0\u00bb][vc_column][vc_text_separator title=\u00a0\u00bbATELIERS D&rsquo;ECRITURE\u00a0\u00bb border=\u00a0\u00bbno\u00a0\u00bb title_color=\u00a0\u00bb#000000&Prime;][vc_column_text] \u00c9crire, c\u2019est faire exister une part de soi encore inconnue. Je propose dans cet atelier de faire \u00e9merger quelques-uns de ces \u00eatres int\u00e9rieurs, d\u2019accompagner leur naissance et leur expression&#8230;.<\/p>\n","protected":false},"author":1,"featured_media":0,"parent":0,"menu_order":0,"comment_status":"closed","ping_status":"closed","template":"","meta":{"footnotes":""},"_links":{"self":[{"href":"https:\/\/plusdunevoix.fr\/index.php\/wp-json\/wp\/v2\/pages\/248"}],"collection":[{"href":"https:\/\/plusdunevoix.fr\/index.php\/wp-json\/wp\/v2\/pages"}],"about":[{"href":"https:\/\/plusdunevoix.fr\/index.php\/wp-json\/wp\/v2\/types\/page"}],"author":[{"embeddable":true,"href":"https:\/\/plusdunevoix.fr\/index.php\/wp-json\/wp\/v2\/users\/1"}],"replies":[{"embeddable":true,"href":"https:\/\/plusdunevoix.fr\/index.php\/wp-json\/wp\/v2\/comments?post=248"}],"version-history":[{"count":96,"href":"https:\/\/plusdunevoix.fr\/index.php\/wp-json\/wp\/v2\/pages\/248\/revisions"}],"predecessor-version":[{"id":2376,"href":"https:\/\/plusdunevoix.fr\/index.php\/wp-json\/wp\/v2\/pages\/248\/revisions\/2376"}],"wp:attachment":[{"href":"https:\/\/plusdunevoix.fr\/index.php\/wp-json\/wp\/v2\/media?parent=248"}],"curies":[{"name":"wp","href":"https:\/\/api.w.org\/{rel}","templated":true}]}}

<p>[vc_row css_animation= » » row_type= »row » use_row_as_full_screen_section= »no » type= »full_width » angled_section= »no » text_align= »left » background_image_as_pattern= »without_pattern » css= ».vc_custom_1556201540428{padding-top: 195px !important;} » z_index= » »][vc_column][vc_text_separator title= »ATELIERS D&rsquo;ECRITURE » border= »no » title_color= »#000000&Prime;][vc_column_text]</p>
<p>Écrire, c’est faire exister une part de soi encore inconnue. Je propose dans cet atelier de faire émerger quelques-uns de ces êtres intérieurs, d’accompagner leur naissance et leur expression. Le rythme est dynamique, vif, joyeux, mais demande la concentration propre à tout geste artistique. Il n’y a pas de prérequis, simplement l’envie !</p>
<p>[/vc_column_text][vc_empty_space height= »40px »][/vc_column][/vc_row][vc_row css_animation= » » row_type= »row » use_row_as_full_screen_section= »no » type= »full_width » angled_section= »no » text_align= »left » background_image_as_pattern= »without_pattern »][vc_column width= »1/2&Prime;][vc_single_image image= »2363&Prime; img_size= »medium » alignment= »center » qode_css_animation= » »][/vc_column][vc_column width= »1/2&Prime;][vc_single_image image= »2362&Prime; img_size= »medium » qode_css_animation= » »][/vc_column][/vc_row][vc_row css_animation= » » row_type= »row » use_row_as_full_screen_section= »no » type= »full_width » angled_section= »no » text_align= »left » background_image_as_pattern= »without_pattern »][vc_column][vc_empty_space height= »40px »][vc_empty_space height= »40px »][vc_column_text]</p>
<p>Article DNA sur les ateliers &#8211; <a href="https://www.dna.fr/culture-loisirs/2023/03/16/un-atelier-d-ecriture-sans-frontieres-a-la-bibliotheque-des-dominicains">infos</a></p>
<p>[/vc_column_text][vc_empty_space height= »40px »][vc_column_text]PROCHAINS ATELIER</p>
<p>Mardi 23 et mardi 30 septembre 18h30-20h: Librairie l&rsquo;Indépendante, Strasbourg (67)<br />
Mardi 14 et mardi 21 octobre 18h30-20h: Librairie l&rsquo;Indépendante, Strasbourg (67)</p>
<p>ATELIERS PRECEDENTS 2024-2025<br />
<strong> Samedi 14 septembre</strong> 14h-17h: bibliothèque des dominicains &#8211; <a href="https://bibliotheque.colmar.fr/">infos</a><br />
Samedi 12 octobre 14h-17h: Pole média culture &#8211; Colmar &#8211; <a href="https://bibliotheque.colmar.fr/">infos</a><br />
<strong>Samedi 19 octobre</strong> 10h-13h: Médiathèque le Parnasse &#8211; Saint Louis<br />
Mercredi 23 octobre 14h-17h: bibliothèque Bel’Flore &#8211; Colmar &#8211; <a href="https://bibliotheque.colmar.fr/">infos</a><br />
Samedi 9 novembre 14h-17h: bibliothèque des dominicains &#8211; Colmar &#8211; <a href="https://bibliotheque.colmar.fr/">infos</a><br />
Samedi 7 décembre 14h-17h: Pole média culture &#8211; Colmar &#8211; <a href="https://bibliotheque.colmar.fr/">infos</a><br />
Samedi 11 janvier 14h-17h: bibliothèque des Dominicains &#8211; Colmar &#8211; <a href="https://bibliotheque.colmar.fr/">infos</a></p>
<p><strong>Vendredi 7 mars de 17h à 20h</strong> &#8211; Espace culturel Terraqué (56)- <a href="https://www.terraque.fr/">infos</a></p>
<p>[/vc_column_text][vc_text_separator title= »ATELIERS THEATRE » border= »no » title_color= »#000000&Prime;][vc_column_text]</p>
<p>La comédienne Hélène Lacoste donne actuellement des cours de théâtre enfants et adolescents à l&rsquo;école de musique et théâtre de Molsheim et au lycée Ste Clotilde de Strasbourg. Elle également donné des cours au SUAC (université de Strasbourg)</p>
<p>[/vc_column_text][vc_single_image image= »2371&Prime; img_size= »medium » alignment= »center » qode_css_animation= » »][/vc_column][/vc_row]</p>

<p>[vc_row css_animation= » » row_type= »row » use_row_as_full_screen_section= »no » type= »full_width » angled_section= »no » text_align= »left » background_image_as_pattern= »without_pattern » css= ».vc_custom_1556201540428{padding-top: 195px !important;} » z_index= » »][vc_column][vc_text_separator title= »ATELIERS D&rsquo;ECRITURE » border= »no » title_color= »#000000&Prime;][vc_column_text] Écrire, c’est faire exister une part de soi encore inconnue. Je propose dans cet atelier de faire émerger quelques-uns de ces êtres intérieurs, d’accompagner leur naissance et leur expression&#8230;.</p>
