{"id":42,"date":"2018-01-12T09:12:58","date_gmt":"2018-01-12T08:12:58","guid":{"rendered":"http:\/\/bridge130.qodeinteractive.com\/?page_id=42"},"modified":"2026-03-16T15:54:36","modified_gmt":"2026-03-16T14:54:36","slug":"accueil","status":"publish","type":"page","link":"https:\/\/plusdunevoix.fr\/","title":{"rendered":"ACCUEIL"},"content":{"rendered":"<p>[vc_row css_animation=\u00a0\u00bb\u00a0\u00bb row_type=\u00a0\u00bbrow\u00a0\u00bb use_row_as_full_screen_section=\u00a0\u00bbno\u00a0\u00bb type=\u00a0\u00bbfull_width\u00a0\u00bb angled_section=\u00a0\u00bbno\u00a0\u00bb text_align=\u00a0\u00bbleft\u00a0\u00bb background_image_as_pattern=\u00a0\u00bbwithout_pattern\u00a0\u00bb css=\u00a0\u00bb.vc_custom_1642427535000{margin-top: 60px !important;}\u00a0\u00bb z_index=\u00a0\u00bb\u00a0\u00bb][vc_column][vc_column_text css=\u00a0\u00bb.vc_custom_1687341074323{margin-top: 20px !important;}\u00a0\u00bb]<\/p>\n<p style=\"text-align:center;\">\n\u00ab Dites-moi donc son histoire. Les choses les plus simples, les plus humbles, sont parfois celles qui nous mordent le plus au c\u0153ur. \u00bb Maupassant<\/p>\n<p>[\/vc_column_text][\/vc_column][\/vc_row][vc_row css_animation=\u00a0\u00bb\u00a0\u00bb row_type=\u00a0\u00bbrow\u00a0\u00bb use_row_as_full_screen_section=\u00a0\u00bbno\u00a0\u00bb type=\u00a0\u00bbfull_width\u00a0\u00bb angled_section=\u00a0\u00bbno\u00a0\u00bb text_align=\u00a0\u00bbleft\u00a0\u00bb background_image_as_pattern=\u00a0\u00bbwithout_pattern\u00a0\u00bb][vc_column][vc_text_separator title=\u00a0\u00bbPROCHAINES REPRESENTATIONS\u00a0\u00bb border=\u00a0\u00bbno\u00a0\u00bb title_color=\u00a0\u00bb#000000&Prime;][\/vc_column][\/vc_row][vc_row css_animation=\u00a0\u00bb\u00a0\u00bb row_type=\u00a0\u00bbrow\u00a0\u00bb use_row_as_full_screen_section=\u00a0\u00bbno\u00a0\u00bb type=\u00a0\u00bbfull_width\u00a0\u00bb angled_section=\u00a0\u00bbno\u00a0\u00bb text_align=\u00a0\u00bbleft\u00a0\u00bb background_image_as_pattern=\u00a0\u00bbwithout_pattern\u00a0\u00bb css=\u00a0\u00bb.vc_custom_1642427521768{margin-top: 48px !important;}\u00a0\u00bb z_index=\u00a0\u00bb\u00a0\u00bb][vc_column][vc_single_image image=\u00a0\u00bb2355&Prime; img_size=\u00a0\u00bb500*500&Prime; alignment=\u00a0\u00bbcenter\u00a0\u00bb onclick=\u00a0\u00bbcustom_link\u00a0\u00bb qode_css_animation=\u00a0\u00bb\u00a0\u00bb link=\u00a0\u00bbhttp:\/\/plusdunevoix.fr\/index.php\/spectacles\/lepaysdesautres\/\u00a0\u00bb][vc_empty_space height=\u00a0\u00bb40px\u00a0\u00bb][vc_column_text]<\/p>\n<p><strong>Prochaine repr\u00e9sentation<\/strong><br \/>\nVendredi 23 octobre 2026 \u00e0 19h<\/strong> &#8211; M\u00e9diath\u00e8que de Toul (54)<\/p>\n<p><\/br><\/p>\n<p>Saison 2025-2026 (pr\u00e9c\u00e9dentes repr\u00e9sentations)<br \/><strong> Vendredi 21 novembre 2025 \u00e0 18h <\/strong> &#8211; M\u00e9diath\u00e8que de Vittel (88) <a href=\"https:\/\/vittel.bibli.fr\/index.php?lvl=cmspage&#038;pageid=4&#038;id_article=995\">infos<\/a><\/p>\n<p><strong> Samedi 22 novembre 2025 \u00e0 17h <\/strong> &#8211; M\u00e9diath\u00e8que de Haguenau (67) <a href=\"https:\/\/biblio-tilt.agglo-haguenau.fr\/Default\/search.aspx#\/Detail\/(query:(Id:'3_OFFSET_0',Index:4,NBResults:5,PageRange:3,SearchQuery:(CloudTerms:!(),ExceptTotalFacet:!t,FacetFilter:'%7B%22_288%22:%222025%5C\/11%5C\/22%2000:00%7C2025%5C\/11%5C\/22%2023:59%22%7D',ForceSearch:!t,HiddenFacetFilter:%7B%7D,InitialSearch:!f,Page:0,PageRange:3,QueryGuid:c1d7368f-1fe3-4eb1-afee-e084f2d22951,QueryString:'*',ResultSize:10,ScenarioCode:CALENDAR_PLANNER_3,ScenarioDisplayMode:display-standard,SearchContext:14,SearchGridFieldsShownOnResultsDTO:!(),SearchLabel:'*',SearchTerms:'*',SortField:startDate_date,SortOrder:1,TemplateParams:(Scenario:'',Scope:Default,Size:!n,Source:'',Support:'',UseCompact:!f),UseSpellChecking:!n)))\">infos<\/a><\/p>\n<p><strong> Vendredi 5 d\u00e9cembre 2025 \u00e0 20h30<\/strong> &#8211; Le Stang &#8211; Pluvigner (56) <a href=\"https:\/\/billetterie-pluvigner.mapado.com\/event\/605991-theatre-le-pays-des-autres-par-la-compagnie-plus-dune-voix\">infos<\/a><\/p>\n<p><strong> Vendredi 12 d\u00e9cembre 2025 \u00e0 20h <\/strong> Salle Maurice Thorez (Salle des F\u00eates) L&rsquo;Apalva &#8211; Villerupt (54) <a href=\"https:\/\/www.apalva.fr\/\">infos<\/a><\/p>\n<p><strong> Vendredi 23 janvier 2026 \u00e0 19h <\/strong> &#8211; M\u00e9diath\u00e8que Louis Aragon &#8211; Amiens(80) <strong><\/p>\n<p><strong> Samedi 24 janvier 2026 \u00e0 18h <\/strong> &#8211; M\u00e9diath\u00e8que Edouard David &#8211; Amiens(80) <strong><\/p>\n<p><strong> Jeudi 29 janvier 2026 \u00e0 14h <\/strong> &#8211; Agence culturelle Grand Est- S\u00e9lestat (67)<\/p>\n<p><strong> Jeudi 5 f\u00e9vrier 2026 \u00e0 20h <\/strong> &#8211; Espace Malraux de Geispolsheim (67) <a href=\"https:\/\/espacemalraux.geispolsheim.fr\/event\/le-pays-des-autres-dapres-le-roman-de-leila-slimani\/\">infos<\/a><\/p>\n<p>[\/vc_column_text][vc_empty_space height=\u00a0\u00bb40px\u00a0\u00bb][\/vc_column][\/vc_row][vc_row css_animation=\u00a0\u00bb\u00a0\u00bb row_type=\u00a0\u00bbrow\u00a0\u00bb use_row_as_full_screen_section=\u00a0\u00bbno\u00a0\u00bb type=\u00a0\u00bbfull_width\u00a0\u00bb angled_section=\u00a0\u00bbno\u00a0\u00bb text_align=\u00a0\u00bbleft\u00a0\u00bb background_image_as_pattern=\u00a0\u00bbwithout_pattern\u00a0\u00bb][vc_column][vc_text_separator title=\u00a0\u00bbSPECTACLE EN CREATION\u00a0\u00bb border=\u00a0\u00bbno\u00a0\u00bb title_color=\u00a0\u00bb#000000&Prime;][\/vc_column][\/vc_row][vc_row css_animation=\u00a0\u00bb\u00a0\u00bb row_type=\u00a0\u00bbrow\u00a0\u00bb use_row_as_full_screen_section=\u00a0\u00bbno\u00a0\u00bb type=\u00a0\u00bbfull_width\u00a0\u00bb angled_section=\u00a0\u00bbno\u00a0\u00bb text_align=\u00a0\u00bbleft\u00a0\u00bb background_image_as_pattern=\u00a0\u00bbwithout_pattern\u00a0\u00bb][vc_column][vc_single_image image=\u00a0\u00bb2435&Prime; img_size=\u00a0\u00bblarge\u00a0\u00bb alignment=\u00a0\u00bbcenter\u00a0\u00bb qode_css_animation=\u00a0\u00bb\u00a0\u00bb][vc_column_text]<\/p>\n<h2>\u00c7a raconte Sarah<\/strong><\/h2>\n<p>D&rsquo;apr\u00e8s le roman de Pauline Delabroy-Allard, \u00e9ditions de minuit<br \/>\nth\u00e9\u00e2tre musical avec Tom freudenreich et H\u00e9l\u00e8ne Lacoste<br \/>\nRegard ext\u00e9rieur: Fred Cacheux<br \/>\nAccompagnement et d\u00e9veloppement: St\u00e9phanie L\u00e9picier &#8211; AZAD PRODUCTION &#8211; <a href=http:\/\/www.azadproduction.com\/tag\/equipe\/\">infos<\/a><\/p>\n<p>[\/vc_column_text][vc_empty_space][vc_column_text]<\/p>\n<p>\u00ab\u00a0\u00c7a raconte Sarah, sa beaut\u00e9 myst\u00e9rieuse, son nez cassant de doux rapace, ses yeux comme des cailloux, verts, mais non, pas verts, ses yeux d&rsquo;une couleur insolite, ses yeux de serpent aux paupi\u00e8res tombantes. \u00c7a raconte Sarah la fougue, Sarah la passion, Sarah le soufre, \u00e7a raconte le moment pr\u00e9cis o\u00f9 l&rsquo;allumette craque, le moment pr\u00e9cis o\u00f9 le bout de bois devient feu, o\u00f9 l&rsquo; \u00e9tincelle illumine la nuit, o\u00f9 du n\u00e9ant jaillit la br\u00fblure. Ce moment pr\u00e9cis et minuscule, un basculement d&rsquo;une seconde \u00e0 peine. \u00c7a raconte Sarah, de symbole : S.\u00a0\u00bb<\/p>\n<p>[\/vc_column_text][\/vc_column][\/vc_row]<\/p>\n","protected":false},"excerpt":{"rendered":"<p>[vc_row css_animation=\u00a0\u00bb\u00a0\u00bb row_type=\u00a0\u00bbrow\u00a0\u00bb use_row_as_full_screen_section=\u00a0\u00bbno\u00a0\u00bb type=\u00a0\u00bbfull_width\u00a0\u00bb angled_section=\u00a0\u00bbno\u00a0\u00bb text_align=\u00a0\u00bbleft\u00a0\u00bb background_image_as_pattern=\u00a0\u00bbwithout_pattern\u00a0\u00bb css=\u00a0\u00bb.vc_custom_1642427535000{margin-top: 60px !important;}\u00a0\u00bb z_index=\u00a0\u00bb\u00a0\u00bb][vc_column][vc_column_text css=\u00a0\u00bb.vc_custom_1687341074323{margin-top: 20px !important;}\u00a0\u00bb] \u00ab Dites-moi donc son histoire. Les choses les plus simples, les plus humbles, sont parfois celles qui nous mordent le plus au c\u0153ur. \u00bb Maupassant [\/vc_column_text][\/vc_column][\/vc_row][vc_row css_animation=\u00a0\u00bb\u00a0\u00bb row_type=\u00a0\u00bbrow\u00a0\u00bb use_row_as_full_screen_section=\u00a0\u00bbno\u00a0\u00bb type=\u00a0\u00bbfull_width\u00a0\u00bb&#8230;<\/p>\n","protected":false},"author":1,"featured_media":0,"parent":0,"menu_order":1,"comment_status":"closed","ping_status":"closed","template":"","meta":{"footnotes":""},"_links":{"self":[{"href":"https:\/\/plusdunevoix.fr\/index.php\/wp-json\/wp\/v2\/pages\/42"}],"collection":[{"href":"https:\/\/plusdunevoix.fr\/index.php\/wp-json\/wp\/v2\/pages"}],"about":[{"href":"https:\/\/plusdunevoix.fr\/index.php\/wp-json\/wp\/v2\/types\/page"}],"author":[{"embeddable":true,"href":"https:\/\/plusdunevoix.fr\/index.php\/wp-json\/wp\/v2\/users\/1"}],"replies":[{"embeddable":true,"href":"https:\/\/plusdunevoix.fr\/index.php\/wp-json\/wp\/v2\/comments?post=42"}],"version-history":[{"count":377,"href":"https:\/\/plusdunevoix.fr\/index.php\/wp-json\/wp\/v2\/pages\/42\/revisions"}],"predecessor-version":[{"id":2456,"href":"https:\/\/plusdunevoix.fr\/index.php\/wp-json\/wp\/v2\/pages\/42\/revisions\/2456"}],"wp:attachment":[{"href":"https:\/\/plusdunevoix.fr\/index.php\/wp-json\/wp\/v2\/media?parent=42"}],"curies":[{"name":"wp","href":"https:\/\/api.w.org\/{rel}","templated":true}]}}